 thousands digit of 26105544?
1
What is the ten thousands digit of 472636?
7
What is the thousands digit of 286190?
6
What is the thousands digit of 125204?
5
What is the hundred thousands digit of 194406?
1
What is the hundreds digit of 21637534?
5
What is the ten thousands digit of 17539132?
3
What is the hundred thousands digit of 9824936?
8
What is the units digit of 11621691?
1
What is the thousands digit of 2518276?
8
What is the hundred thousands digit of 115304?
1
What is the hundreds digit of 385868?
8
What is the hundred thousands digit of 534336?
5
What is the tens digit of 704132?
3
What is the ten thousands digit of 222885?
2
What is the hundreds digit of 3193737?
7
What is the units digit of 44873?
3
What is the hundreds digit of 64844?
8
What is the hundred thousands digit of 1659802?
6
What is the units digit of 126706?
6
What is the ten thousands digit of 2882325?
8
What is the units digit of 2214469?
9
What is the thousands digit of 12328819?
8
What is the ten thousands digit of 571392?
7
What is the hundred thousands digit of 417594?
4
What is the thousands digit of 5045936?
5
What is the hundred thousands digit of 484494?
4
What is the tens digit of 2557403?
0
What is the units digit of 1602312?
2
What is the hundreds digit of 468129?
1
What is the tens digit of 423418?
1
What is the units digit of 419932?
2
What is the ten thousands digit of 5607580?
0
What is the units digit of 18566285?
5
What is the hundreds digit of 22875881?
8
What is the millions digit of 13109219?
3
What is the units digit of 351035?
5
What is the hundred thousands digit of 4468914?
4
What is the hundreds digit of 3018613?
6
What is the hundred thousands digit of 18374920?
3
What is the hundreds digit of 127994?
9
What is the units digit of 256643?
3
What is the hundred thousands digit of 23029995?
0
What is the tens digit of 8970644?
4
What is the units digit of 3037300?
0
What is the tens digit of 317531?
3
What is the thousands digit of 3012402?
2
What is the tens digit of 17508943?
4
What is the hundred thousands digit of 187635?
1
What is the ten thousands digit of 6999149?
9
What is the units digit of 33001762?
2
What is the hundred thousands digit of 4948199?
9
What is the millions digit of 5196159?
5
What is the units digit of 1265667?
7
What is the thousands digit of 81135?
1
What is the thousands digit of 270821?
0
What is the units digit of 4142205?
5
What is the hundred thousands digit of 24670062?
6
What is the hundreds digit of 5943099?
0
What is the millions digit of 3983540?
3
What is the units digit of 688480?
0
What is the tens digit of 88078?
7
What is the ten thousands digit of 27219998?
1
What is the hundred thousands digit of 4606873?
6
What is the hundred thousands digit of 19861621?
8
What is the ten thousands digit of 1123496?
2
What is the hundreds digit of 3461812?
8
What is the tens digit of 951192?
9
What is the millions digit of 18530010?
8
What is the hundred thousands digit of 250634?
2
What is the thousands digit of 773362?
3
What is the hundreds digit of 1215708?
7
What is the thousands digit of 197445?
7
What is the ten thousands digit of 136990?
3
What is the thousands digit of 520208?
0
What is the ten thousands digit of 353631?
5
What is the tens digit of 2012793?
9
What is the hundred thousands digit of 201467?
2
What is the hundred thousands digit of 315765?
3
What is the thousands digit of 9910438?
0
What is the hundreds digit of 124489?
4
What is the hundred thousands digit of 5236149?
2
What is the units digit of 138482?
2
What is the hundred thousands digit of 1814442?
8
What is the units digit of 271112?
2
What is the tens digit of 20992?
9
What is the hundreds digit of 2727482?
4
What is the thousands digit of 1708169?
8
What is the ten thousands digit of 290248?
9
What is the ten millions digit of 11193446?
1
What is the thousands digit of 1269718?
9
What is the ten thousands digit of 176116?
7
What is the tens digit of 1961176?
7
What is the tens digit of 3001547?
4
What is the ten thousands digit of 106380?
0
What is the thousands digit of 978145?
8
What is the units digit of 3770066?
6
What is the tens digit of 13894?
9
What is the ten thousands digit of 252968?
5
What is the hundreds digit of 723865?
8
What is the ten thousands digit of 3108562?
0
What is the tens digit of 10828918?
1
What is the tens digit of 4333629?
2
What is the thousands digit of 146286?
6
What is the hundreds digit of 21904874?
8
What is the units digit of 16234717?
7
What is the tens digit of 786533?
3
What is the tens digit of 9374011?
1
What is the ten millions digit of 11054361?
1
What is the millions digit of 1161239?
1
What is the thousands digit of 886322?
6
What is the hundreds digit of 6752284?
2
What is the thousands digit of 249320?
9
What is the units digit of 149079?
9
What is the hundreds digit of 3020731?
7
What is the hundred thousands digit of 1436840?
4
What is the tens digit of 14456794?
9
What is the thousands digit of 1517352?
7
What is the tens digit of 174355?
5
What is the units digit of 18569222?
2
What is the hundred thousands digit of 465342?
4
What is the hundred thousands digit of 5143460?
1
What is the tens digit of 367510?
1
What is the ten thousands digit of 128870?
2
What is the thousands digit of 190415?
0
What is the hundred thousands digit of 1015660?
0
What is the hundreds digit of 1199106?
1
What is the hundred thousands digit of 11884125?
8
What is the ten thousands digit of 1275274?
7
What is the units digit of 1043073?
3
What is the hundred thousands digit of 10044352?
0
What is the ten thousands digit of 4177048?
7
What is the ten thousands digit of 7959111?
5
What is the units digit of 425082?
2
What is the units digit of 1214794?
4
What is the hundreds digit of 95426?
4
What is the units digit of 21341201?
1
What is the ten thousands digit of 2240373?
4
What is the tens digit of 149257?
5
What is the units digit of 946236?
6
What is the millions digit of 8246582?
8
What is the ten thousands digit of 13836?
1
What is the hundred thousands digit of 2605509?
6
What is the thousands digit of 23879401?
9
What is the hundreds digit of 85176?
1
What is the thousands digit of 2002784?
2
What is the ten thousands digit of 3226946?
2
What is the ten thousands digit of 1943958?
4
What is the hundred thousands digit of 273127?
2
What is the ten thousands digit of 342466?
4
What is the thousands digit of 178884?
8
What is the hundreds digit of 668924?
9
What is the hundred thousands digit of 336802?
3
What is the thousands digit of 487703?
7
What is the hundreds digit of 7833629?
6
What is the hundred thousands digit of 1861226?
8
What is the tens digit of 12022367?
6
What is the thousands digit of 16424564?
4
What is the hundreds digit of 5183?
1
What is the ten thousands digit of 19244746?
4
What is the millions digit of 8460329?
8
What is the hundreds digit of 27091085?
0
What is the ten thousands digit of 87085?
8
What is the ten thousands digit of 2007326?
0
What is the hundreds digit of 5228388?
3
What is the units digit of 382364?
4
What is the hundred thousands digit of 4038902?
0
What is the thousands digit of 606274?
6
What is the hundreds digit of 26863113?
1
What is the millions digit of 1326910?
1
What is the units digit of 1692745?
5
What is the ten thousands digit of 198979?
9
What is the ten millions digit of 14197862?
1
What is the hundreds digit of 1103588?
5
What is the millions digit of 22094178?
2
What is the hundred thousands digit of 4276493?
2
What is the thousands digit of 131048?
1
What is the ten thousands digit of 4784348?
8
What is the ten thousands digit of 3129658?
2
What is the thousands digit of 59924?
9
What is the millions digit of 3658467?
3
What is the thousands digit of 238883?
8
What is the thousands digit of 400212?
0
What is the thousands digit of 9992192?
2
What is the ten millions digit of 12919896?
1
What is the millions digit of 6932826?
6
What is the hundred thousands digit of 355535?
3
What is the hundreds digit of 291105?
1
What is the tens digit of 440331?
3
What is the millions digit of 13868886?
3
What is the tens digit of 265?
6
What is the millions digit of 7386394?
7
What is the thousands digit of 61127?
1
What is the units digit of 83285